). Determine b(r).
14
Let a(n) = -6*n**2 - n**3 + 11 + n**2 - 17 + 4*n + 0*n**3. Give a(-6).
6
Suppose 2*l + 4 = 14. Let j(b) = 0 - 6*b - l + b**2 - 2*b**2 + 3. Give j(-6).
-2
Let f(g) = -2*g**2 + 7*g - 5. Let o(t) = -t**2 + 4*t - 3. Let q(m) = -4*f(m) + 7*o(m). Let y(v) = v**3 + 6*v**2 + 4*v - 7. Let p be y(-5). Determine q(p).
3
Suppose h - 4 = 2*h + 3*a, -h + 2*a = -6. Suppose 0 = h*j - 0*j. Suppose -2*m - 3*m = j. Let y(r) = r**3 + r - 7. Calculate y(m).
-7
Let d(n) = n**3 + 5*n**2 - n. Suppose -2*c + 54 = 6. Suppose c = -5*i - 1. Determine d(i).
5
Suppose -d = -5*x + 4, -2*d + 4*d + 3 = 5*x. Let f = x + -1. Let r(n) = -6*n - n + 4 + 14*n - 6*n. Give r(f).
4
Suppose 2*r = -4*o + 16, 0 = -3*r + 6*o - o + 2. Let h(d) = 3*d**2 - 2 + 4*d - r*d - 4*d**2 + 4*d. Determine h(2).
2
Let b = 331 - 7943/24. Let z(n) be the third derivative of -1/12*n**5 + 0 + 0*n + b*n**4 + 2*n**2 + 0*n**3. What is z(1)?
-4
Let z(m) be the third derivative of -m**4/8 - m**3/3 + m**2. What is z(2)?
-8
Let b be (-30)/((-21)/6 - -2). Let a = -13 + b. Let r(n) = 5 - 3 + n - 3 + 0*n - a*n**2. Give r(1).
-7
Let k(p) = p**2 - 4*p + 2. Suppose -3*r - 3 - 3 = 0. Let w(g) = -3*g - 3. Let f be w(r). Give k(f).
-1
Suppose -p - 4*l + 15 = 0, 5*l - 34 - 11 = -5*p. Suppose -2*w - 16 = -3*a, -5*a + p = -3. Let n(j) = -j - 5. What is n(w)?
0
Let r(j) = j. Let s(g) = -7*g - 2. Let i(m) = 6*r(m) + s(m). Determine i(0).
-2
Let z(f) = f**3 + 4*f**2 - 7*f - 7. Suppose 15 = -83*q + 80*q. Calculate z(q).
3
Let z(d) = -d**3 - 5*d**2 - 2*d + 1. Suppose 0 = 5*b - 104 - 36. Suppose -5*c + 13 = b. Determine z(c).
-11
Suppose -4*t + 25 = -9*t. Let l(k) = 5*k - 12 + 26 - 4*k - 11. What is l(t)?
-2
Let x(p) = p**3 - 3*p**2 - 3*p + 1. Let t(j) = -2*j**3 + 6*j**2 + 5*j - 2. Let z(q) = 3*t(q) + 5*x(q). Determine z(2).
3
Let h = 2 + -2. Let j(o) = h*o + 3*o + 5 - 2. Let b(q) = q**2 - 7*q - 3. Let n be b(7). Determine j(n).
-6
Let c(v) = 34*v**2 + v - 37*v**2 - v. Give c(-1).
-3
Let z(c) = -8. Let g(n) = n - 1. Let f(p) = 3*g(p) - z(p). Calculate f(-5).
-10
Let f(j) = j**3 - 4*j**2 + 2*j + 2. Suppose g + 3 = x, -6 = -4*x - x + 2*g. Suppose -3*h - 1 + 7 = x. Calculate f(h).
-2
Let f(w) = 4*w - 5. Let k(d) = -6*d - 38. Let t be k(-7). What is f(t)?
11
Let v(f) = -7*f**3 + 3*f - 4. Let q(l) = l**3 + 1. Let b(t) = 5*q(t) + v(t). What is b(-2)?
11
Suppose -3*o + l = -16, 2*o + 4*l = -9 + 1. Let q(i) = i**2 - 3*i + 1. Let z be q(o). Let n(s) = s**3 - 4*s**2 - 5*s - 1. Calculate n(z).
-1
Let q(f) = f**2 + 7*f + 9. Let n be q(-6). Let o be (n + -2)*-5*1. Let c(y) be the first derivative of -y**3/3 - 3*y**2 - 4*y + 2. Determine c(o).
1
Suppose 3*j = 5*v + 35, 6 = -3*j + j - 4*v. Suppose 4*r - 7 = j. Let u(x) = 0*x + 4*x - 1 - 2*x**2 + x**2. What is u(r)?
2
Let u(r) = 4*r - 2. Let y be u(5). Suppose 5*n = 5*v + 80, -2*n - y - 16 = 4*v. Let w = -16 - v. Let p(c) = -c**2 - 5*c + 5. Determine p(w).
5
Let h(d) = d**3 + d**2 + 7. Let v be (0 - -2) + -4 + -4. Suppose -g + 19 = -0*g + 5*b, 38 = -3*g + 4*b. Let u = g - v. Give h(u).
7
Let t(a) be the first derivative of a**3/3 + 2*a**2 - a + 1. Let g = -30 + 27. Determine t(g).
-4
Let f(j) = 9*j. Let o(a) = a**3 - 8*a**2 + 2*a - 12. Let b be o(8). Suppose q = 3 - b. Give f(q).
-9
Let j(i) = -i + 0 + 4 - 5 - 3. Suppose 3*r = 2*r. Give j(r).
-4
Suppose 6 = 7*p + 13. Let y(v) = -v + 1. Determine y(p).
2
Let w(m) = -7*m**3 - 2*m + 4*m**3 - 1 + 5*m**3. Give w(-2).
-13
Let a(g) be the first derivative of -g**2/2 + 8. Determine a(-5).
5
Let i be (-16)/(-10) - 21/35. Let z be ((-2)/((-2)/5))/i. Let h(r) = 9 - r - 1 + 0. Calculate h(z).
3
Let p(i) = -5 - 1 + 0*i**3 + i**3 - 6*i**2 + 3. Let x(g) = 3*g - 12. Let h be x(6). Give p(h).
-3
Let q(p) = 3*p + 2 - 4*p - 5 - 5*p. Determine q(-2).
9
Let s(u) be the first derivative of -1/4*u**4 + 2*u**2 - 3*u - 1 + u**3. Let n = 2 + 2. Give s(n).
-3
Suppose 0 = 2*j - 2. Suppose -4*p = -3*z, 3*p = z - 2*p + 11. Let f(x) = x - z*x - 6*x + 3*x. Calculate f(j).
-6
Let j(g) = -4*g**3 + 7*g**2 + 3*g + 8. Let x(i) = -i**3 - i. Let y(o) = -j(o) + 5*x(o). Let k = 1 + -7. Give y(k).
4
Let d(l) = -l**3 + 5*l**2 + l - 1. Let u be d(5). Let k(t) = 6*t - 3 + u - 4 - 2*t. Calculate k(2).
5
Let z(x) = x**2 - 1. Let h(a) = 5*a**2 - 9. Let r(y) = h(y) - 4*z(y). Give r(4).
11
Let d(k) = -3*k + 1. Let o(j) = j - 13. Let m be o(8). Let n = m - -10. Let i be 1/(-3)*(n + -8). What is d(i)?
-2
Let l(b) = -1 + 3 - 3 - b. Let q be l(-3). Let c(o) = -4*o + 4 + 0*o + q*o. Calculate c(4).
-4
Let v(u) = -2*u - 21. Let q be v(-9). Let w(g) = -5*g + 3. What is w(q)?
18
Let l = -32 - -39. Let s(j) = -j + 9. Calculate s(l).
2
Let o(p) = -p**3 - 6*p**2 - 8*p - 7. Suppose 4*f + r = -r - 46, 3*r + 60 = -5*f. Suppose 0 = 3*a - s + 7, 3*a - 27 = 6*a + 3*s. Let y = f - a. Determine o(y).
8
Let w(h) = 3 + 4*h**2 + 5*h**3 + 0*h**3 + 0*h**2 - 4*h**3. Suppose 2*c + 12 = 5*c, -3*k + 2*c - 20 = 0. Calculate w(k).
3
Let y(w) = 7*w + 16. Let j(t) = -3*t - 8. Let x(f) = -9*j(f) - 4*y(f). Let b(i) = i + 7. Let m be b(0). Determine x(m).
1
Suppose 5 = 2*s + 3*p, 5*s + 3 = 3*p + 5. Let d(u) be the second derivative of -1/12*u**4 + 0 + 0*u**2 - 4*u + 0*u**3. Give d(s).
-1
Let t(d) be the first derivative of d**4/4 + 5*d**3/3 + 7*d**2/2 + 4*d + 48. Calculate t(-4).
-8
Let v(l) = -l + l + 57*l**3 - 56*l**3 - 3*l**2 - 3*l + 5. What is v(4)?
9
Let l be -4 + 0 - (-7 + 6). Let u(f) = f - 8. Let m(w) = -2*w + 9. Let a(x) = -2*m(x) - 3*u(x). What is a(l)?
3
Suppose 1 + 3 = 2*w. Let a(s) = -s - 6 - 2*s**2 + s**2 + 1 + 0*s**w. Calculate a(0).
-5
Let w(l) = -20 + 49 + l - 25. Calculate w(-4).
0
Let q(x) be the second derivative of x**6/720 + x**5/20 - x**4/3 + 3*x. Let h(d) be the third derivative of q(d). Determine h(-5).
1
Let v be -6*2*2/(-12). Let s(g) = 3*g + 2. Give s(v).
8
Let i(w) be the third derivative of w**7/1260 + w**5/60 - 3*w**2. Let z(a) be the third derivative of i(a). Calculate z(-2).
-8
Let f(v) be the first derivative of -4 + 1/3*v**3 - 5*v + 1/2*v**2. What is f(-4)?
7
Let y(z) = -13*z**2 - 4*z + 14*z**2 + 15 - 6 - 12. Calculate y(5).
2
Let d be ((-6)/(-9))/((-1)/(-18)). Suppose -d = -4*j - m + 3, -3*j + 5*m + 40 = 0. Let f(k) = k**2 - 6*k + 4. Give f(j).
-1
Let h(g) be the first derivative of -g**4/4 + g**3 - g**2 + g - 10. What is h(3)?
-5
Let n(a) = a**2 + 11*a - 17. Suppose 4*r + 34 + 14 = 0. Calculate n(r).
-5
Let l(m) = -7*m**2 - 5*m + 7. Let q(t) = -t**2 - t. Let w(j) = l(j) - 6*q(j). Give w(5).
-13
Let f(r) = -2*r + 6*r**2 + 6*r**3 - 4 - 5*r**3 - 5*r - 6. Let q(t) = 4*t + 9. Let a be q(-4). Determine f(a).
-10
Let w(g) = g**3 + 2*g**2 - 6*g - 5. Let b(o) = -o**3 - 6*o**2 - 4. Let u = 7 + -13. Let f be b(u). What is w(f)?
-13
Let r be -2 + 24 - 4/4. Let a = -26 + r. Let g(s) = -s**2 - 4*s + 1. What is g(a)?
-4
Let z(a) = -a - 5. Let o be z(-5). Suppose -3*f - 4 + 16 = o. Let n(c) = -c**3 + 4*c**2 - c + 5. What is n(f)?
1
Let z be (2 - (0 - -1))/(-1). Let x be z/(-1 + (-2)/(-4)). Let k(l) be the first derivative of l**4/4 - l**3 + 2*l + 1. What is k(x)?
-2
Let r(s) be the first derivative of -s**2/2 + 15. Calculate r(3).
-3
Let o(z) = 1 + 6*z - 12 - z**3 + 3 - 5*z**2. What is o(-6)?
-8
Let p(h) = 3 - 4 + 3 - 1 - h. Let x(q) = 4*q**3 - 2*q**2 + 2. Let t be x(-1). Calculate p(t).
5
Suppose -4*l + 4 + 5 = q, -2*q + 8 = 3*l. Let g(d) be the first derivative of -d**4/4 - d**3/3 + 2*d + 2. Give g(l).
-10
Let v(d) = 4*d**2 - 6*d + 1. Let k(z) = 11*z**2 - 16*z + 4. Let h(i) = -3*k(i) + 8*v(i). Give h(0).
-4
Let d(m) be the third derivative of m**6/120 + m**5/30 - m**4/24 - 2*m**3/3 + m**2. Suppose -2*r - 16 = 2*r. Let q = r + 1. Calculate d(q).
-10
Let n(b) = b**2 - 5*b - 1. Let d = 4 - 4. Let i be (6 - (2 - 1)) + d. Give n(i).
-1
Let t(v) be the first derivative of -v**2/2 + 3*v + 1. Let p = -4 + 6. Suppose 3*f + 13 = 5*y, 5*f + 0*y = p*y + 10. Give t(f).
-1
Let k(b) = b**3 + 6*b**2 + 4*b - 4. Let r = 4 + -1. Suppose 3*c = 3*i - 30, -7 = -3*c - 5*i + r. Give k(c).
1
Suppose 0 = 2*l - 5*n + 12, 0*l - 3*l - 18 = n. Let k(o) be the third derivative of -o**4/24 - o**3 + 39*o**2. Calculate k(l).
0
Let j(o) = -o**3 - 2*o**2 + 2*o. Let k be (-26)/65 + (-13)/5. Determine j(k).
3
Let t(j) be the first derivative of -j**2/2 + j - 2. Let x be t(1). Let k = x - -3. Let z(h) = -h**2 + 2*h - 1.